t w(x) = 2*x**2 + 2*x - 5. Suppose y - 4*y = 75. Let m = 66 + y. Suppose m = -5*v + 21. Determine w(v).
19
Let d(h) = -73*h**3 - 26*h + 39*h**3 - 41 + 36*h**3 + 47*h**2. Let v be d(-24). Let o(u) = -u**3 + 7*u**2 + 4. Give o(v).
4
Let r = 4 - -4. Let g(b) = -3 - 2358*b**2 - 13*b - 2360*b**2 + 7072*b**2 - 2353*b**2 + 5*b. Determine g(r).
-3
Let a(s) = 8*s + 2. Let v be (6 - (8 + -1))*(-2 + 4). Let i be (-2)/((v/10)/(2/5)). What is a(i)?
34
Let k(i) = -i + 3*i - 1100 + 2205 - 1091. What is k(-11)?
-8
Let a(x) = 2*x - 9*x + 6*x + 0*x + 7. Let z be (3 - (-100)/(-12)) + 1/3. Let k be ((-1)/z)/(4/(-10))*-14. Give a(k).
0
Let t be (5 + 0)/(40/144). Suppose -22*p - 36 = -t*p. Let f(d) be the second derivative of -d**4/12 - 5*d**3/3 - 4*d**2 - d. Give f(p).
1
Let d(r) be the third derivative of r**6/360 - 17*r**4/24 - 32*r**3/3 + 113*r**2. Let q(z) be the first derivative of d(z). Give q(0).
-17
Let b = -6 - -4. Let w(m) be the first derivative of -m**2/2 - 4*m + 11738. Calculate w(b).
-2
Suppose -h + 11 - 1 = 5*x, -5*h = 0. Let q(n) = 21*n**2 - 4*n - 16*n**x - 12*n**2 + 3*n. Give q(-1).
-6
Let h(a) = -2*a + 3*a + a - 3. Let f be h(5). Suppose 4*s - f = -23. Let u(i) = -i**2 - 6*i - 2. Calculate u(s).
6
Let i = 511 + -463. Let v be (-21)/(-168) + (-3)/(i/(-110)). Let p(w) = -w**2 + 9*w - 2. Give p(v).
12
Let s(q) = 7*q - 11. Suppose p - 3*k - 24 = 0, -19*k + 23*k + 43 = 5*p. What is s(p)?
10
Let d = -368 - -376. Let j(y) = 0 + 4*y - y - y**3 + 7*y**2 + 4 + 5*y. What is j(d)?
4
Let g(q) = 35 + 21*q + 8*q - 11 + 15*q - 46*q. What is g(-3)?
30
Let m(g) = g**2 + g - 1. Suppose 17*j - 8 = 9*j. Let a(z) = 2*z**2 - 6*z + 7. Let p(l) = j*m(l) - a(l). Give p(7).
-8
Let b(d) = -d**3 - 7*d**2 + 3*d - 2. Suppose 124 + 43 + 85 = -36*y. Calculate b(y).
-23
Let d(o) = o**3 - 2*o**2 - 7*o + 5. Let f = 410 - 410. Suppose 5*v - 36 = -4*g, -4*v - 21*g + 25*g = f. Determine d(v).
9
Let y(g) be the third derivative of g**7/840 + g**6/72 + g**5/60 - 5*g**4/24 - 77*g**3/6 - 43*g**2. Let j(v) be the first derivative of y(v). Give j(-3).
7
Let u(x) = -9*x - 351. Suppose -46*h + 49*h + 80 + 40 = 0. Give u(h).
9
Let d(y) = -9*y + 2. Let j(w) = -26*w - 4. Let x(z) = 3*d(z) - j(z). Suppose 2*q - 12 = -4*h - 3*q, -3*h + 36 = -3*q. What is x(h)?
2
Let o(h) = h**2 - h - 2. Let z be (-60)/(-18)*(-3)/(-4)*-2. Let y(f) = 2*f**2 - 3*f - 5. Let s(i) = z*o(i) + 2*y(i). Determine s(3).
-12
Let b(z) = z**3 + 7*z**2 - 5*z + 3. Let j = -530 + 616. Suppose 37*m + 382 = j. Give b(m).
-21
Suppose 2*l - 12 = -2*n, -423*n + 12 = l - 428*n. Let c(h) = -h**3 + 8*h**2 + h + 3. Calculate c(l).
59
Let d(l) = 35*l**3 + 5 - 78*l**3 + 44*l**3 + 27*l**2 - 37*l**2 - l. Suppose -f - 49 = -5*q, -6*q + 5*f = -5*q - 5. Give d(q).
-5
Let a(u) = -u**2 - 12*u + 264. Let b be a(-23). Let s(o) = -o**2 + 11*o - 2. Determine s(b).
-2
Let t be 303 + -305 - (2/(-9) - (-170)/(-45)). Let j(x) = 3*x**2 + 14*x - 28. Calculate j(t).
12
Let v(d) = -54502 + 2*d + 109019 - 54521. Let m = 0 + 1. Let a = m - -4. What is v(a)?
6
Let d(j) = -j + 1. Let l be d(-4). Suppose -2*x - 6 = -2, -2*y - 4*x = 4. Let p(s) = 6*s - s**2 + 1 - 10*s - s + 2*s**y. Give p(l).
1
Let p(x) = -x**2 - 5*x + 5. Let l be (-2204)/12122 - (1448/11)/2. Let u be (1/3)/(3/549). Let d = l + u. Give p(d).
5
Let s(u) = 2683*u**3 + 19*u - 1340*u**3 - 1344*u**3 + 101 - 5*u**2. Let m be s(-5). Let i(w) = 2*w**2 - 14*w + 5. What is i(m)?
-7
Let v be -2*(-12)/((-312)/(-13)). Let o(j) = 31*j**3 - 1. Determine o(v).
30
Let n(m) = 4*m - 17. Let w be 24/(-7 + -1) - -7. Calculate n(w).
-1
Let z = 236 - 215. Suppose -z*t + 23*t = -10. Let a(w) = w**3 + 4*w**2 - 6*w - 2. Determine a(t).
3
Let f(z) = -2*z**2 - 4*z - 4. Suppose 40*y + 7*y = 94. Suppose -y = -24*u - 50. Calculate f(u).
-4
Let w(h) = 180*h - 1984. Let o be w(11). Let x(m) = 2*m**3 + 7*m**2 + 4*m - 1. Give x(o).
-33
Let h(d) = 3*d - 27. Let w be h(10). Let u(r) = -2190 + r**3 + r - 2*r - w*r**2 + 2192. What is u(4)?
14
Let h(t) = t**3 - 14*t**2 + 3. Let w = -406 + 281. Let m = w + 139. Calculate h(m).
3
Let q(r) = -r**2 - 5*r + 8. Let j(y) = 2*y**2 - 109*y - 1073. Let o be j(63). What is q(o)?
14
Suppose 0 = 5*k - 4*k - 1, 3*k = -3*o + 6. Let w(g) = 14*g**2 + 3770 - 3*g**2 - 3769. Give w(o).
12
Suppose 8 = -9*q - 19. Let z(m) = -2*m - 2. Let g(l) = l + 3. Let r(u) = q*g(u) - 4*z(u). Let i(s) = -9*s + 1. Let f(h) = 4*i(h) + 7*r(h). What is f(3)?
-6
Suppose -21*h + 12 = -24*h, 4*j + 12 = -5*h. Let a(i) = 26*i**3 - 1057*i**2 - 25*i**3 + 1057*i**j + 10 - i. Determine a(0).
10
Let v(m) be the second derivative of -m**5/20 + 7*m**4/12 + m**3/3 - 5*m**2 - 1221*m. Determine v(7).
4
Let p(u) be the third derivative of -u**5/60 + 5*u**4/8 - 13*u**3/3 - 3*u**2 + 14*u - 7. What is p(2)?
0
Let g(u) = 5*u - 14. Let x = 672 - 669. Suppose 2*v + 3*o - 13 = v, x*v - 18 = -2*o. Give g(v).
6
Suppose -6*n + 6 = -12. Let y be (6/8)/3 - 30/(-40). Suppose 2*j - 6*j = n*f - y, 0 = 2*j - 2. Let m(z) = -7*z**2 - z. Determine m(f).
-6
Let i(x) be the second derivative of 4*x**3/3 - 117*x**2/2 - 2076*x. Give i(14).
-5
Let c(r) = 2*r + 18. Let p(m) = -m**3 - 10*m**2 + 9*m + 30. Let z be p(-14). Let d = 679 - z. What is c(d)?
0
Let f(w) = w**2 + 2*w - 1. Let u(m) = 3*m**2 - 10*m + 7. Suppose 0 = 4*h - 3*c - 17, 0 = -4*h + 5*c + 19 + 4. Let z(a) = h*f(a) - u(a). Give z(13).
4
Let n(c) = 3*c - 2. Suppose 0 = -5*m - a + 698, -10 = 4*a + a. Suppose m = 34*i - 6*i. Calculate n(i).
13
Let z(f) be the third derivative of -f**7/2520 - f**6/144 + 17*f**5/30 + 66*f**2. Let d(t) be the third derivative of z(t). What is d(-5)?
5
Let d(v) = -2*v**2 - 16*v - 3. Let s be ((-238)/(-8))/17*-4. Give d(s).
11
Suppose -99*o = 52*o - 453. Let r(u) = -2*u**3 + 4*u**2 - 3*u + 4. Give r(o).
-23
Let o(s) be the second derivative of -1/6*s**3 - 159*s + 2*s**2 + 0 - 1/12*s**4. Calculate o(-3).
-2
Suppose 5*k = -5*a + 45, 0*a - 3*k = -2*a + 3. Suppose a*b + 5*b = 22. Let v(m) = -m**3 + 2*m**2 - 4*m + 2. What is v(b)?
-6
Let j(g) = -g**2 + 6*g. Let h be 3/(-9)*(-14 + 10/5). Suppose 2*p = h*p - 34. Let s = p - 11. Give j(s).
0
Let f be 1/5*(-5)/(-1). Suppose 0 = 5*w + 5, 3*w - 2*w = -n + f. Let i(d) = 0*d + 0*d - n + 5*d + d**3 + 6 - 6*d**2. Determine i(5).
4
Let y(j) = j**2 - j. Suppose -3*u + 5*x - x = -14, -2*x = u + 2. Let d(g) = u*g**2 + 3*g - 5*g - 6 - 5*g**2 + 11. Let a(o) = -d(o) - 4*y(o). What is a(6)?
-5
Let u(s) be the second derivative of -s**4/12 + s**3 + 2*s**2 - 3*s. Suppose -26 = 9*k - 62. Suppose -3*l - 5*o = -30, 6*o - 2*o + 8 = k*l. Determine u(l).
9
Let d(k) = k**3 - 2*k**2 + 3*k + 1. Let g(c) = 19*c + 133. Let n be g(-7). Determine d(n).
1
Suppose 31 + 61 = 46*r. Let p(a) = 0*a - 5*a + 1997 - 1994. What is p(r)?
-7
Let a(i) be the second derivative of -i**3/6 - 3*i**2 - 43*i - 4. Let p be (9/(-3) - -1)*-1. Let x be (-10)/(-6)*(-6)/p. Calculate a(x).
-1
Suppose 3*f - 154 = -34. Let l = 29 - f. Let i(g) = g**3 + 12*g**2 + 11*g - 4. Let x be i(l). Let c(v) = -v**2 + 3. What is c(x)?
-13
Let g(n) be the first derivative of n**4/4 - 11*n**3/3 + 3*n**2/2 - 20*n + 936. Calculate g(11).
13
Let l = 14878 - 14861. Let d(h) = -h**2 + 16*h + 53. What is d(l)?
36
Let t(x) = 5*x**3 - 2*x**2 - x - 1. Let c be 9 + 0 - (4 + (2 - 6)). Let h be c/3*(3 - 14/6). Determine t(h).
29
Let q(m) = 5*m**3 + m**2 - m - 1. Let l(f) = 2*f**3 + 12*f**2 + 6*f + 33. Let i be l(-6). What is q(i)?
-124
Suppose 0 = -3*u + 15*v - 17*v + 128, u + 3*v = 38. Let x(n) = u - 88 + 3*n - 5*n + 41. Give x(-3).
3
Let b(o) be the third derivative of o**8/6720 + o**7/420 + o**6/240 - o**5/60 + 15*o**4/8 + 2*o**2 + o. Let r(j) be the second derivative of b(j). Give r(-4).
18
Let c(a) = 18*a + 45. Suppose 2*r - k = 4, 30 = -2973*r + 2978*r - 5*k. What is c(r)?
9
Let g(j) = 2*j**3 + 36*j**2 + 2*j + 47. Let i be g(-18). Let s(f) = f**2 - 12*f + 11. Calculate s(i).
0
Let a(m) = 20*m - 17. Let x(k) = 7*k - 6. Let f(i) = -6*a(i) + 17*x(i). Let u(s) = -11*s**2 + 74*s + 26. Let q be u(7). What is f(q)?
-5
Suppose 0 = 3*n + 106 - 145. Let m(d) = -d**3 - 3*d**3 - 6*d**3 - d**2 + n*d**3 - 1. Calculate m(2).
19
Let x(k) be the third derivative of 81*k**2 - 1/24*k**4 + 0 + 7/60*k**5 + 0*k**3 + 0*k. Calculate x(2).
26
Let l = 69 - 61. Let x(w) = -10 - 9*w + w**2 + 0*w - 1 + 3*w. Determine x(l).
5
Let k be (-2)